ative of 5*g**2 - 5/3*g**3 + 1/20*g**5 - 7/12*g**4 - 293*g + 0. Give x(8).
-6
Let s(v) = -19*v**2 + 43*v + 48. Let b(f) = 7*f**2 - 15*f - 17. Let z(t) = -11*b(t) - 4*s(t). Give z(-9).
-23
Let x(f) be the second derivative of -f - 48 - 1/3*f**4 - 1/20*f**5 + 0*f**3 - f**2. Determine x(-3).
-11
Let u(y) be the first derivative of -9*y**2 + y - 89. Let i(m) = -23*m + 1. Let z(c) = 4*i(c) - 5*u(c). Give z(4).
-9
Let p(v) be the third derivative of -v**4/3 + v**3/3 - v**2 - 514*v. Calculate p(3).
-22
Suppose 5*i + d + 97 - 1087 = 0, 3*d - 212 = -i. Let g(x) = 382*x - i*x - 195*x + 1. Calculate g(1).
-9
Let d = 139 + -67. Suppose 6*j - d = -24. Let v(y) = y**3 - 8*y**2 + 2*y - 1. What is v(j)?
15
Let s(i) be the first derivative of i**6/120 - i**3/6 + 11*i**2 + 27. Let v(y) be the second derivative of s(y). Suppose -2*j = 5*j - 14. Determine v(j).
7
Let b(i) = -i - 25. Let p(t) = 3*t - 61. Let u be p(16). What is b(u)?
-12
Let i = 638 + -576. Let f(n) = -1 + i*n - 64*n + 3*n**2 - 2*n**2. Determine f(5).
14
Let d(r) = r**3 - 17*r**2 + 71*r - 15. Let q be d(7). Let a(v) be the first derivative of v**3/3 + v**2/2 - 11*v - 18. What is a(q)?
45
Suppose 4*i + 117 = 325. Suppose 0 = -5*y - 87 + i. Let l(m) = -m + 2. Give l(y).
9
Let y(o) = -3*o**2 + 201*o - 72*o - 1 - 68*o - 75*o. Determine y(-4).
7
Let k(a) = 8*a**2 + 2*a - 7. Let t(d) = 11*d**2 + 3*d - 10. Let s = 44 + -49. Let g(p) = s*t(p) + 7*k(p). What is g(2)?
3
Let c be 12/10*(-5290)/(-138). Let n(l) = -18*l - 6 + c*l - 25*l. Determine n(8).
18
Let u(c) = -28*c - 5. Let y(z) be the third derivative of 5*z**4/8 + z**3/2 + 26*z**2. Let x(a) = -4*u(a) - 7*y(a). Determine x(1).
6
Let k(a) = -21*a + 12. Let d(n) = 18*n - 16. Let v(m) = 2*d(m) + 3*k(m). Determine v(1).
-23
Let s(h) = 4*h**3 + 39*h**2 + 35*h + 31. Let t(v) = -15*v**3 - 148*v**2 - 138*v - 125. Let q(d) = 11*s(d) + 3*t(d). Calculate q(-13).
5
Let c(w) be the second derivative of -7*w**4/12 + w**3/2 + 13*w**2/2 - 43*w. Let u(q) = 5*q**2 - 4*q - 12. Let y(b) = -2*c(b) - 3*u(b). Calculate y(7).
3
Suppose 4 = b, 2*b + 21 = -3*j - b. Let i = -1 + j. Let z(t) = -t**3 - 11*t**2 + 11*t - 17. What is z(i)?
-5
Let r(b) = -b - 8. Suppose -4*h + 75 + 105 = 0. Let l = h - 34. Let n(o) = -o + 7. Let v be n(l). Give r(v).
-4
Let z(q) = -q**3 - 14. Let s = 9 + -7. Let j(k) = -k**3 - 2*k**2 - k - 2. Let x be j(-3). Suppose 2*a = 5*o - 10, 5*a = -s*o + 3*a - x. Calculate z(o).
-14
Let x(j) = -j**2 + j - 4. Suppose -4*h + 18 + 6 = -4*t, h = -4*t - 4. Suppose 0 = h*i + 2*u - 41 - 27, 4*i + 3*u - 70 = 0. Suppose 16 - i = -5*p. Give x(p).
-4
Let b = 27 + 152. Suppose 0 = -4*k - b + 167. Let y(x) = -5*x**3 + 12*x**2 - 9. Let p(c) = -3*c**3 + 8*c**2 - 6. Let l(a) = -8*p(a) + 5*y(a). What is l(k)?
-6
Suppose 54*w = w - 795. Let a(d) = 5*d + 89. Give a(w).
14
Let j(t) = -t**3 - 2*t**2 + t. Suppose 0 = -n - 4*n + 2*x - 1880, 25 = 5*x. Let a = -377 - n. What is j(a)?
6
Let x = -6872 - -6868. Let n(u) = 2*u**3 + 6*u**2 + 8*u + 9. What is n(x)?
-55
Let v(w) = 3*w + 1. Let n = -6 - -15. Let c be n - 11 - (-36 - -1). Let t = c + -34. Determine v(t).
-2
Let w(a) be the second derivative of -4*a**3/3 + 23*a**2 - 6454*a. What is w(6)?
-2
Let u(n) = 4 + 11566*n - 10*n**2 + 9*n**2 - 11562*n. What is u(-3)?
-17
Let a(j) = j**3 + 8*j**2 + 12*j + 19. Let g = 21185 + -21192. Give a(g).
-16
Let n(v) = v**2 + 30*v - 1. Suppose 4*l = -5*j + 65 - 210, -3*j = -14*l + 87. Give n(j).
-30
Let h(p) = -4*p + 172. Let f be h(43). Let z(m) = f*m + 4*m + 10*m - 1 - 6*m. Determine z(1).
7
Let i(g) = 24*g**2 - 5*g - 8. Let v(b) = 104*b**2 - 21*b - 34. Let o(f) = 17*i(f) - 4*v(f). Let q be ((-3)/(2 + 1))/(-1). Give o(q).
-9
Let j(n) = -69*n - 2*n**2 + 14*n**2 - n**2 - n**2 + 444 - 454. Give j(7).
-3
Let b be (1*(-40)/25)/(4/10). Let v be (-3)/((-18)/(-50)) + b/(-12). Let w(u) = u**2 + 6*u - 10. Calculate w(v).
6
Let u(t) be the third derivative of t**6/60 - 11*t**5/15 + t**4/24 + t**3/2 + 8649*t**2. What is u(22)?
25
Let j = -19 - -50. Suppose -3*k + 4*u = -j, 5*k - 2*u - 29 = 4. Let d(s) = -s**3 + 6*s**2 - 6*s - 5. Give d(k).
-10
Suppose 18 - 4 = 2*t. Let l be (1/t)/(3/21). Let r(c) = 0 + 3*c - 4*c + 2*c - 1. Give r(l).
0
Let l(s) be the first derivative of -4*s**3/3 + 57*s**2/2 - 20*s - 1746. Calculate l(14).
-6
Let r be -3 + 3 - (0 + -7 + 6). Let g(c) = -c**2 - 2*c + 31. Let l be g(-7). Let p(v) = 15*v**2 - 5. Let m(n) = 1. Let k(f) = l*m(f) - p(f). Determine k(r).
-14
Let b(j) = 3*j - 18. Suppose 14 = 3*x - l - 7, 0 = -2*x + 2*l + 10. What is b(x)?
6
Let f(q) = 3*q**2 - 6*q - 34. Suppose 18 = 3*r - 2*g, r - 32*g = -31*g + 6. Give f(r).
38
Let w(v) = 53 - 150 - 3*v + 45 + 54. Give w(-7).
23
Let f = 2669 - 2665. Let d(i) = 8*i - 30. Determine d(f).
2
Let j(n) = 38*n**2 + 1 - 11*n + 0*n - 39*n**2. Let m = 1016 - 1026. Calculate j(m).
11
Let t(n) be the third derivative of 1/3*n**3 - 1/6*n**4 + 1/60*n**5 + 0*n + 1 - 1/120*n**6 - 17*n**2. Determine t(3).
-28
Let p be (0 - 0)*3/6. Suppose p = -5*a - 5. Let q(u) be the first derivative of -u**3 + u**2/2 - 503. Calculate q(a).
-4
Let i be 28/(-7) - (-6 - -3). Let l(v) = -30*v + 2. Calculate l(i).
32
Suppose -2*s + 4 = -0*s. Suppose 0 = -2*j - 2*d - 26, s*d = j + 7 + 9. Let m be (4/j*1)/(3/(-21)). Let k(l) = -l**3 + 3*l - 1. What is k(m)?
-3
Suppose -18 = -d - 18. Suppose 19*u - 32*u + 13 = d. Let h(p) = u + 23*p - 11*p - 5*p - 10*p. Calculate h(7).
-20
Let g(h) = 3*h**2 - 4*h - 6. Suppose -1778*f - 16 = -1776*f + 2*z, -5*z = -2*f + 19. Give g(f).
33
Let z(m) = -m**3 + 2*m**2 + m - 2. Let d(f) = 5*f**3 - 22*f**2 - 26*f + 5. Let p(j) = -d(j) - 6*z(j). What is p(-8)?
-25
Let i(k) = -k**2 + 10*k - 4. Suppose 94 = 2*n - 156. Let t = n + -62. Suppose 8*r - t = r. Determine i(r).
5
Let r(d) be the second derivative of -5*d**3/6 - d**2 - 2840*d. Suppose 2*w + 3 = -w. Give r(w).
3
Let w(k) = 2*k**2 - 61*k + 254. Suppose -2*b = -2*g + 8, 4646*g + 5*b = 4642*g + 25. What is w(g)?
-1
Let s(a) = 22*a**2 - 23*a - 4. Let q(d) = 51*d**2 - 45*d - 8. Let f(j) = 2*q(j) - 5*s(j). Determine f(3).
7
Suppose 97*o - 82*o - 75 = 0. Let y(l) = 5*l + 11. Calculate y(o).
36
Let v(o) = -23*o**2 + 43*o + 35. Let q(u) = -14*u**2 + 22*u + 18. Let r(a) = 5*q(a) - 3*v(a). What is r(-12)?
69
Let a(t) = -262*t - 21 + 232*t + 24. Calculate a(-1).
33
Let a(b) be the third derivative of b**8/6720 + b**7/315 + b**6/720 + b**5/20 + 22*b**4/3 - 44*b**2. Let g(j) be the second derivative of a(j). Give g(-8).
-2
Let x(o) = -4*o + 986 - o**2 + 957 - 1963. Calculate x(-6).
-32
Suppose 0 = -3*s + 3*u + 33, 19 = u + 27. Let q(n) be the third derivative of 0 - 1/6*n**s + 0*n - 45*n**2 - 1/8*n**4 + 1/60*n**5. Determine q(4).
3
Let f(m) = -45*m - 45*m - 53*m - 377 - 42*m + 176*m. Determine f(-42).
1
Let n(a) = -117728 + a + a + 117662 + 0*a. Determine n(35).
4
Let u(o) = o + 2. Let i(f) = -f - 2. Let t be i(-5). Let b(d) = 12 - 3 - 6 - 5. Let h(g) = t*u(g) + 2*b(g). Give h(4).
14
Let z = -78 - -24. Let c = z + 43. Let a(g) = 13*g**2 - 8*g + 10. Let q(o) = -7*o**2 + 4*o - 5. Let f(p) = c*q(p) - 6*a(p). Calculate f(4).
-5
Let w = -423 - -478. Suppose -77*l = -w*l + 220. Let s(r) = r**3 + 10*r**2 + 12. Calculate s(l).
12
Let d(n) = 4*n - 2. Let c be (-1 - 21) + (-72)/(-18). Let v be (-3)/2*(-48)/c. Let y be (3 + 3)/3 + v. Calculate d(y).
-10
Let h(d) = -86*d**3 + d**2 + 12*d + 5. Let b(f) = -2*f**3 + 4*f + 2. Let k(y) = -3*b(y) + h(y). Determine k(1).
-80
Let y = -22 + 27. Let w(g) be the first derivative of 1 + 2*g**2 - 1/4*g**4 + 4/3*g**3 + g. Determine w(y).
-4
Let y(b) = 209 - 524 + 55 + 78 - 14*b. Determine y(-14).
14
Let n(w) = 2*w**3 + 24*w**2 + 6*w + 70. Let q be n(-12). Let o(c) = -4*c**2 - 1 - 13*c + 10*c + 0*c**2 + 3*c**3. Calculate o(q).
-35
Let q(k) be the third derivative of k**8/20160 - 11*k**7/5040 + k**6/720 + k**5/5 - k**4/24 + 14*k**2. Let h(d) be the third derivative of q(d). Calculate h(6).
-29
Let w(y) be the first derivative of -3*y**2/2 + y - 2. Let v be 4/(-6)*(-918)/(-68). Let k be v/12 - 5*3/60. Determine w(k).
4
Let l(f) = f**2 + 3*f - 1. Suppose d - 76 = 2*d + t, 2*d - 5*t = -173. Let x = -56 - d. Suppose -x*h = -17*h + 12. Calculate l(h).
-3
Let d(p) = -4*p - 29. Suppose -2*f - 36 = -3*y, -y = f + 24 - 21. Give d(f).
7
Let q be (-1)/(13/(-7) + 2). Let d(l) = -7*l**3 + 